e 465 = 5*g - 10*g. Let d = g + 124. Let x = d - 28. What is the highest common divisor of x and 6?
3
Let a = 1 - -3. Let t = -6088 + 6108. What is the greatest common factor of a and t?
4
Suppose -q - 26*v + 75 = -31*v, 4*v = -4*q + 300. What is the greatest common divisor of 2265 and q?
15
Let h(k) = 11*k - 97. Let m be h(9). Suppose m*f - 427 = -37. What is the greatest common factor of 30 and f?
15
Let n(u) = 13*u**2 + 39*u - 233. Let v be n(12). Calculate the highest common factor of v and 441.
49
Let v(l) = l**2 + 2*l + 1. Let q be v(3). Let b be ((-60)/(-7))/(q + (-1540)/98). What is the highest common divisor of 1560 and b?
30
Suppose 2*g - 4*x - 118 = 0, 3*g - 4*x - 206 = -33. Calculate the highest common divisor of 8195 and g.
55
Let r = 1898 - 1643. Calculate the highest common factor of 1173 and r.
51
Let t = -32441 + 35625. What is the highest common divisor of 199 and t?
199
Let u = -40 - -55. Suppose 0 = 21*j - u*j - 24. Suppose 0 = j*z - 7*z + 51. What is the greatest common divisor of z and 51?
17
Let k be (35/(-15) + 2)*-3*117. What is the highest common factor of k and 819?
117
Let m(v) = -6*v**2 + 12*v + 13. Let l be m(-11). Let f = -592 - l. Calculate the greatest common divisor of 23 and f.
23
Let x(n) = n**3 - 10*n**2 + 6*n - 18. Let s = -135 + 145. Let f be x(s). Let a be (f/(-18) - -2)*-30. What is the highest common divisor of a and 90?
10
Let f be (-19924)/(-221) + (-6)/39. Let l be 149/5 + 17/85. Calculate the highest common divisor of f and l.
30
Suppose -3*u = u + 4*v - 60, -3*v - 3 = 0. Let a = 24 - u. Let s(y) = 4*y - 8. Let p be s(a). Calculate the greatest common divisor of 120 and p.
24
Suppose 19*s + 57 + 133 = 0. Let t be (-80)/(-400) - 1118/s. Calculate the highest common divisor of 80 and t.
16
Suppose 124*w = 64137 + 21175. Calculate the greatest common factor of 129 and w.
43
Suppose 168 = 173*d - 181*d. Let q be 6/(-9) + (-1022)/d. Calculate the highest common divisor of q and 18.
6
Let p be (-195700)/(-1030)*19/5. What is the greatest common factor of 931 and p?
19
Let w(o) = -4*o - 64. Let h be w(-5). Let x be h/(-66) - 412/(-3). Calculate the highest common divisor of x and 46.
46
Let b(g) = -121*g**3 - 9*g**2 + 12*g + 12. Let v be b(-6). Let s be (1/((-1)/(-1)))/(29/v). Calculate the highest common factor of 24 and s.
24
Let f be (-74)/(3/(-30) - 8/20). Let d = 168 - f. Calculate the highest common divisor of d and 220.
20
Let l be 0*(-2)/(-4)*(-2)/1. Suppose 2*a + l*u - 20 = -4*u, 4*a = -3*u + 30. Suppose a*t - 48 = 3*t. Calculate the highest common divisor of 80 and t.
16
Suppose 0 = -435*x + 436*x - 2*k - 10, 5*x + 4*k + 6 = 0. Let f = 5 + 0. Suppose 25 = -0*z + f*z. Calculate the greatest common factor of x and z.
1
Suppose 47*v - 46*v = 70. What is the greatest common divisor of 1134 and v?
14
Let m = 23 - -18. Let k = -218575 - -218739. Calculate the highest common factor of k and m.
41
Let h = -9157 - -17628. Calculate the greatest common factor of 197 and h.
197
Suppose -3*u + 12 = -48. Let h = u - -3. Let d = -23 + 69. What is the highest common factor of d and h?
23
Let x(g) = -g**2 - 133*g + 9668. Let t be x(-108). Calculate the highest common factor of 32 and t.
16
Suppose -h = -0*h - 22. Suppose 16*s + 38 - 294 = 0. Let n = s - -6. Calculate the greatest common factor of h and n.
22
Suppose 2*g = -3*g + 10, 2*g = -5*x + 64. Suppose 10836 = 2*i + 127*i. Calculate the highest common factor of x and i.
12
Let o = 8 - 4. Suppose o*k - 30 = -k. Suppose -85370 = 14*m - 85496. Calculate the highest common factor of k and m.
3
Let c = 2332 + -1369. Calculate the greatest common factor of c and 3.
3
Let y be (3 + 801/12)/(122/(-16) + 8). Calculate the highest common factor of 651 and y.
93
Let r = 1 + 25. Suppose 5*u = -5*q - 0*q - 1185, -3*q + 2*u = 721. Let k = 421 + q. Calculate the greatest common factor of r and k.
26
Suppose -644 = -d - 4*z, -6*d = -9*d + z + 1828. What is the greatest common divisor of d and 252?
36
Suppose 3*w - 4*b = 1606, -62*b = -59*b + 12. What is the highest common factor of w and 90?
10
Let y(n) = -2*n - 32. Let q be y(-16). Suppose q = -c + 5, c - 103 = -5*o + 682. What is the greatest common divisor of 24 and o?
12
Suppose -2*p + 4*p = 5*z + 8, 2*z = -2*p + 22. Suppose -5*w - 405 = -20*w. Suppose 0 = -24*v + w*v - p. What is the highest common factor of v and 45?
3
Let g(t) = t**3 + 26*t + 27 - 7*t**2 + 10*t**2 - 17*t**2 - 11*t**2. Let w be g(24). Calculate the greatest common divisor of 15 and w.
15
Let p be 66 + 351/72 + -5 + (-30)/16. Calculate the greatest common divisor of p and 1.
1
Suppose -3*r - 2*r = 4*w - 1348, -5*r + 5*w = -1330. Let k = 292 - r. Calculate the greatest common factor of 108 and k.
12
Let p(q) = 4261*q + 4486. Let s be p(-1). Let i = 326 + -201. Calculate the highest common divisor of s and i.
25
Let l = 179 + -185. Let b(m) = -m**3 - 4*m**2 - 2*m - 14. Let o be b(l). What is the highest common factor of 42 and o?
14
Let m = 361 - -8. Suppose -329 = -5*r - 129. Let k = 1 + r. Calculate the greatest common factor of m and k.
41
Suppose 443*w - 468*w = -1875. Calculate the highest common divisor of 575 and w.
25
Let k be (147 - -5) + 8/4. Let o = 278 - k. Suppose -5*a + 635 = -w + 6*w, -a + o = 2*w. Calculate the greatest common factor of 10 and a.
10
Let m = -80 + 5. Let s = m + 87. Suppose 0 = 4*t - 4, s = 5*x + 2*t - 30. Calculate the greatest common divisor of x and 64.
8
Let z be 4/14*-1 + 4564/196 + 37. What is the greatest common divisor of 7680 and z?
60
Let c be ((-4275)/(-1026))/(2/(-4))*7*-3. Calculate the greatest common factor of c and 203.
7
Let f = 17465 + -17395. What is the highest common factor of f and 19810?
70
Let l = 2248 - 2228. Calculate the greatest common factor of l and 1030.
10
Suppose 49215 = 9*t + 8*t. Let r be (t/60 - -2) + (-2)/8. What is the highest common factor of 475 and r?
25
Let f(d) = -2*d**3 - 30*d**2 - 64*d - 21. Let c be f(-13). Calculate the highest common divisor of c and 80.
5
Suppose -9270 = -9*m + 27*m. Let l = 521 + m. What is the greatest common factor of l and 51?
3
Suppose -1662 = -47*l + 41*l. Suppose 8*c - l = 827. Suppose -33 = -2*m + 2*z + 57, -4*m = 5*z - 189. Calculate the greatest common factor of m and c.
46
Let x = -42 + 53. Let k = x + -18. Let d be 68*((-4)/k + (-10)/(-56)). What is the greatest common factor of 34 and d?
17
Let c be (43/11 - (-52)/(-13)) + (-2775)/(-275). Suppose -2*x - 55 + 195 = 0. What is the highest common factor of x and c?
10
Let x be (7917/(-49))/(2/(-14)). What is the greatest common divisor of 78 and x?
39
Suppose -5*x = -2*x - 27. Suppose -96 = -x*p - 24. Suppose -25 - 87 = -p*n. What is the greatest common factor of n and 21?
7
Suppose 0 = -25*k + 43*k - 252. Calculate the greatest common factor of k and 336.
14
Let l be (1 + 12/8)/(15/36). Suppose 330 + l = 6*u. What is the highest common divisor of 224 and u?
56
Suppose 0 = 5*c - 12 - 63. Let m be c/(0 + 2/6). Calculate the greatest common factor of m and 60.
15
Suppose -151*a + 3851 = 3655 - 25625. Calculate the highest common factor of a and 675.
9
Suppose 0 = -3*i + 287 + 493. Let s be (1/(-1))/(19/(-57)). Suppose 3*z + 4*c - 2*c - i = 0, 3*c = s*z - 285. Calculate the greatest common divisor of 10 and z.
10
Suppose -2*n - 10 = 0, 4*r + 705 - 2104 = -n. Calculate the greatest common divisor of r and 767.
13
Let d be 16 + 508050/435 + 54/(-58) + 1. Let m be -3 + 42 - (2 + 0). Calculate the greatest common factor of d and m.
37
Let c be (14/(-3)*(-12)/(-24))/((-60)/3600). Let n(i) = -27*i + 3 - 5 + 4. Let o be n(-2). What is the greatest common factor of c and o?
28
Let m = -4370 - -4746. Calculate the highest common divisor of m and 282.
94
Suppose -3*p + 12 = 5*o, 3*o + 0*p + 4*p = 16. Suppose 5 = 5*i, -5*x + 4*i + 25 + 51 = o. Calculate the highest common divisor of x and 2.
2
Suppose 4*n = 3*l - 12836, -2*l - 4*n + 8584 = -0*l. Let s be 10/((-6)/(-14) + (-1668)/l). Calculate the highest common divisor of s and 30.
15
Suppose -41*f = -44*f + 10512. Calculate the highest common divisor of 12 and f.
12
Let a(v) = 2*v**2 + 52*v + 298. Let t be a(-7). Calculate the greatest common factor of 1000 and t.
8
Let y = -3866 - -15642. What is the greatest common factor of 23 and y?
23
Let m be 9/(-2